{"id":11436,"date":"2025-06-16T20:19:13","date_gmt":"2025-06-16T23:19:13","guid":{"rendered":"https:\/\/elkaminante.com.uy\/paquetes\/la-paz-y-salar-de-uyuni\/"},"modified":"2026-04-26T16:46:35","modified_gmt":"2026-04-26T19:46:35","slug":"la-paz-y-salar-de-uyuni","status":"publish","type":"product","link":"https:\/\/elkaminante.com.uy\/en\/paquetes\/la-paz-y-salar-de-uyuni\/","title":{"rendered":"La Paz y Salar de Uyuni"},"content":{"rendered":"","protected":false},"excerpt":{"rendered":"<p>El Salar de Uyuni en Bolivia es un espect\u00e1culo natural \u00fanico, con vastas extensiones de sal blanca que crean espejos naturales cuando llueve. Sus amaneceres y atardeceres pintan el cielo con colores vibrantes sobre esta inmensa planicie, mientras que la cultura local a\u00f1ade autenticidad con festivales tradicionales y una rica gastronom\u00eda andina. Descubre la belleza surrealista y la serenidad del Salar de Uyuni en un destino que fusiona naturaleza y cultura de manera impresionante.<\/p>\n<p>Descubre la fascinante ciudad de La Paz en Bolivia, donde la historia, la cultura y los paisajes se fusionan en una experiencia \u00fanica. Desde sus calles coloridas hasta el impresionante Valle de la Luna, La Paz te sorprender\u00e1 con su autenticidad y belleza. Sum\u00e9rgete en la vibrante energ\u00eda de la ciudad m\u00e1s alta del mundo y d\u00e9jate cautivar por la magia de este destino andino.<\/p>\n","protected":false},"featured_media":11434,"template":"","meta":{"_acf_changed":false,"inline_featured_image":false},"product_brand":[],"product_cat":[28,1579],"product_tag":[88,78,1283,2463,1362,64,2375,2018,2374,2534,62,245,1355,3609,278,2462,77,65,393,91,1284,1358,1287,1282,1286,61,89,93,1285,1359,1288,119],"class_list":{"0":"post-11436","1":"product","2":"type-product","3":"status-publish","4":"has-post-thumbnail","6":"product_cat-paquetes","7":"product_cat-uruguay","8":"product_tag-america-del-sur","9":"product_tag-aventura","10":"product_tag-bolivia","11":"product_tag-bolivia-en-mayo","12":"product_tag-bolivia-en-salar-de-uyuni","13":"product_tag-desayuno","14":"product_tag-en-bolivia","15":"product_tag-en-mayo","16":"product_tag-en-salar-de-uyuni","17":"product_tag-exotico","18":"product_tag-exoticos","19":"product_tag-junio","20":"product_tag-la-paz","21":"product_tag-la-paz-y-salar-de-uyuni","22":"product_tag-mayo","23":"product_tag-mayo-junio-2026","24":"product_tag-naturaleza","25":"product_tag-no-aplica","26":"product_tag-otros-destinos","27":"product_tag-paquetes-a-america-del-sur","28":"product_tag-paquetes-a-bolivia","29":"product_tag-paquetes-a-la-paz","30":"product_tag-paquetes-a-salar-de-uyuni","31":"product_tag-salar-de-uyuni","32":"product_tag-salar-uyuni","33":"product_tag-sin-destino","34":"product_tag-sudamerica","35":"product_tag-viajes-a-america-del-sur","36":"product_tag-viajes-a-bolivia","37":"product_tag-viajes-a-la-paz","38":"product_tag-viajes-a-salar-de-uyuni","39":"product_tag-vuelo-y-hotel","40":"entry","41":"has-media","43":"first","44":"instock","45":"shipping-taxable","46":"purchasable","47":"product-type-simple"},"acf":[],"yoast_head":"<!-- This site is optimized with the Yoast SEO plugin v27.2 - https:\/\/yoast.com\/product\/yoast-seo-wordpress\/ -->\n<title>La Paz y Salar de Uyuni - El Kaminante<\/title>\n<meta name=\"robots\" content=\"index, follow, max-snippet:-1, max-image-preview:large, max-video-preview:-1\" \/>\n<link rel=\"canonical\" href=\"https:\/\/elkaminante.com.uy\/paquetes\/la-paz-y-salar-de-uyuni\/\" \/>\n<meta property=\"og:locale\" content=\"en_US\" \/>\n<meta property=\"og:type\" content=\"article\" \/>\n<meta property=\"og:title\" content=\"La Paz y Salar de Uyuni - El Kaminante\" \/>\n<meta property=\"og:description\" content=\"El Salar de Uyuni en Bolivia es un espect\u00e1culo natural \u00fanico, con vastas extensiones de sal blanca que crean espejos naturales cuando llueve. Sus amaneceres y atardeceres pintan el cielo con colores vibrantes sobre esta inmensa planicie, mientras que la cultura local a\u00f1ade autenticidad con festivales tradicionales y una rica gastronom\u00eda andina. Descubre la belleza surrealista y la serenidad del Salar de Uyuni en un destino que fusiona naturaleza y cultura de manera impresionante.Descubre la fascinante ciudad de La Paz en Bolivia, donde la historia, la cultura y los paisajes se fusionan en una experiencia \u00fanica. Desde sus calles coloridas hasta el impresionante Valle de la Luna, La Paz te sorprender\u00e1 con su autenticidad y belleza. Sum\u00e9rgete en la vibrante energ\u00eda de la ciudad m\u00e1s alta del mundo y d\u00e9jate cautivar por la magia de este destino andino.\" \/>\n<meta property=\"og:url\" content=\"https:\/\/elkaminante.com.uy\/paquetes\/la-paz-y-salar-de-uyuni\/\" \/>\n<meta property=\"og:site_name\" content=\"El Kaminante\" \/>\n<meta property=\"article:modified_time\" content=\"2026-04-26T19:46:35+00:00\" \/>\n<meta name=\"twitter:card\" content=\"summary_large_image\" \/>\n<script type=\"application\/ld+json\" class=\"yoast-schema-graph\">{\"@context\":\"https:\/\/schema.org\",\"@graph\":[{\"@type\":\"WebPage\",\"@id\":\"https:\/\/elkaminante.com.uy\/paquetes\/la-paz-y-salar-de-uyuni\/\",\"url\":\"https:\/\/elkaminante.com.uy\/paquetes\/la-paz-y-salar-de-uyuni\/\",\"name\":\"La Paz y Salar de Uyuni - El Kaminante\",\"isPartOf\":{\"@id\":\"https:\/\/elkaminante.com.uy\/#website\"},\"primaryImageOfPage\":{\"@id\":\"https:\/\/elkaminante.com.uy\/paquetes\/la-paz-y-salar-de-uyuni\/#primaryimage\"},\"image\":{\"@id\":\"https:\/\/elkaminante.com.uy\/paquetes\/la-paz-y-salar-de-uyuni\/#primaryimage\"},\"thumbnailUrl\":\"https:\/\/elkaminante.com.uy\/wp-content\/uploads\/2025\/06\/PAQ490.webp\",\"datePublished\":\"2025-06-16T23:19:13+00:00\",\"dateModified\":\"2026-04-26T19:46:35+00:00\",\"breadcrumb\":{\"@id\":\"https:\/\/elkaminante.com.uy\/paquetes\/la-paz-y-salar-de-uyuni\/#breadcrumb\"},\"inLanguage\":\"en-US\",\"potentialAction\":[{\"@type\":\"ReadAction\",\"target\":[\"https:\/\/elkaminante.com.uy\/paquetes\/la-paz-y-salar-de-uyuni\/\"]}]},{\"@type\":\"ImageObject\",\"inLanguage\":\"en-US\",\"@id\":\"https:\/\/elkaminante.com.uy\/paquetes\/la-paz-y-salar-de-uyuni\/#primaryimage\",\"url\":\"https:\/\/elkaminante.com.uy\/wp-content\/uploads\/2025\/06\/PAQ490.webp\",\"contentUrl\":\"https:\/\/elkaminante.com.uy\/wp-content\/uploads\/2025\/06\/PAQ490.webp\",\"width\":1200,\"height\":630},{\"@type\":\"BreadcrumbList\",\"@id\":\"https:\/\/elkaminante.com.uy\/paquetes\/la-paz-y-salar-de-uyuni\/#breadcrumb\",\"itemListElement\":[{\"@type\":\"ListItem\",\"position\":1,\"name\":\"Inicio\",\"item\":\"https:\/\/elkaminante.com.uy\/en\/\"},{\"@type\":\"ListItem\",\"position\":2,\"name\":\"Viajes por el mundo\",\"item\":\"https:\/\/elkaminante.com.uy\/en\/paquetes\/\"},{\"@type\":\"ListItem\",\"position\":3,\"name\":\"La Paz y Salar de Uyuni\"}]},{\"@type\":\"WebSite\",\"@id\":\"https:\/\/elkaminante.com.uy\/#website\",\"url\":\"https:\/\/elkaminante.com.uy\/\",\"name\":\"El Kaminante\",\"description\":\"Viajes &amp; Turismo\",\"publisher\":{\"@id\":\"https:\/\/elkaminante.com.uy\/#organization\"},\"potentialAction\":[{\"@type\":\"SearchAction\",\"target\":{\"@type\":\"EntryPoint\",\"urlTemplate\":\"https:\/\/elkaminante.com.uy\/?s={search_term_string}\"},\"query-input\":{\"@type\":\"PropertyValueSpecification\",\"valueRequired\":true,\"valueName\":\"search_term_string\"}}],\"inLanguage\":\"en-US\"},{\"@type\":\"Organization\",\"@id\":\"https:\/\/elkaminante.com.uy\/#organization\",\"name\":\"El Kaminante\",\"url\":\"https:\/\/elkaminante.com.uy\/\",\"logo\":{\"@type\":\"ImageObject\",\"inLanguage\":\"en-US\",\"@id\":\"https:\/\/elkaminante.com.uy\/#\/schema\/logo\/image\/\",\"url\":\"https:\/\/elkaminante.com.uy\/wp-content\/uploads\/2025\/02\/logo-elkaminante-blanco.svg\",\"contentUrl\":\"https:\/\/elkaminante.com.uy\/wp-content\/uploads\/2025\/02\/logo-elkaminante-blanco.svg\",\"caption\":\"El Kaminante\"},\"image\":{\"@id\":\"https:\/\/elkaminante.com.uy\/#\/schema\/logo\/image\/\"}}]}<\/script>\n<!-- \/ Yoast SEO plugin. -->","yoast_head_json":{"title":"La Paz y Salar de Uyuni - El Kaminante","robots":{"index":"index","follow":"follow","max-snippet":"max-snippet:-1","max-image-preview":"max-image-preview:large","max-video-preview":"max-video-preview:-1"},"canonical":"https:\/\/elkaminante.com.uy\/paquetes\/la-paz-y-salar-de-uyuni\/","og_locale":"en_US","og_type":"article","og_title":"La Paz y Salar de Uyuni - El Kaminante","og_description":"El Salar de Uyuni en Bolivia es un espect\u00e1culo natural \u00fanico, con vastas extensiones de sal blanca que crean espejos naturales cuando llueve. Sus amaneceres y atardeceres pintan el cielo con colores vibrantes sobre esta inmensa planicie, mientras que la cultura local a\u00f1ade autenticidad con festivales tradicionales y una rica gastronom\u00eda andina. Descubre la belleza surrealista y la serenidad del Salar de Uyuni en un destino que fusiona naturaleza y cultura de manera impresionante.Descubre la fascinante ciudad de La Paz en Bolivia, donde la historia, la cultura y los paisajes se fusionan en una experiencia \u00fanica. Desde sus calles coloridas hasta el impresionante Valle de la Luna, La Paz te sorprender\u00e1 con su autenticidad y belleza. Sum\u00e9rgete en la vibrante energ\u00eda de la ciudad m\u00e1s alta del mundo y d\u00e9jate cautivar por la magia de este destino andino.","og_url":"https:\/\/elkaminante.com.uy\/paquetes\/la-paz-y-salar-de-uyuni\/","og_site_name":"El Kaminante","article_modified_time":"2026-04-26T19:46:35+00:00","twitter_card":"summary_large_image","schema":{"@context":"https:\/\/schema.org","@graph":[{"@type":"WebPage","@id":"https:\/\/elkaminante.com.uy\/paquetes\/la-paz-y-salar-de-uyuni\/","url":"https:\/\/elkaminante.com.uy\/paquetes\/la-paz-y-salar-de-uyuni\/","name":"La Paz y Salar de Uyuni - El Kaminante","isPartOf":{"@id":"https:\/\/elkaminante.com.uy\/#website"},"primaryImageOfPage":{"@id":"https:\/\/elkaminante.com.uy\/paquetes\/la-paz-y-salar-de-uyuni\/#primaryimage"},"image":{"@id":"https:\/\/elkaminante.com.uy\/paquetes\/la-paz-y-salar-de-uyuni\/#primaryimage"},"thumbnailUrl":"https:\/\/elkaminante.com.uy\/wp-content\/uploads\/2025\/06\/PAQ490.webp","datePublished":"2025-06-16T23:19:13+00:00","dateModified":"2026-04-26T19:46:35+00:00","breadcrumb":{"@id":"https:\/\/elkaminante.com.uy\/paquetes\/la-paz-y-salar-de-uyuni\/#breadcrumb"},"inLanguage":"en-US","potentialAction":[{"@type":"ReadAction","target":["https:\/\/elkaminante.com.uy\/paquetes\/la-paz-y-salar-de-uyuni\/"]}]},{"@type":"ImageObject","inLanguage":"en-US","@id":"https:\/\/elkaminante.com.uy\/paquetes\/la-paz-y-salar-de-uyuni\/#primaryimage","url":"https:\/\/elkaminante.com.uy\/wp-content\/uploads\/2025\/06\/PAQ490.webp","contentUrl":"https:\/\/elkaminante.com.uy\/wp-content\/uploads\/2025\/06\/PAQ490.webp","width":1200,"height":630},{"@type":"BreadcrumbList","@id":"https:\/\/elkaminante.com.uy\/paquetes\/la-paz-y-salar-de-uyuni\/#breadcrumb","itemListElement":[{"@type":"ListItem","position":1,"name":"Inicio","item":"https:\/\/elkaminante.com.uy\/en\/"},{"@type":"ListItem","position":2,"name":"Viajes por el mundo","item":"https:\/\/elkaminante.com.uy\/en\/paquetes\/"},{"@type":"ListItem","position":3,"name":"La Paz y Salar de Uyuni"}]},{"@type":"WebSite","@id":"https:\/\/elkaminante.com.uy\/#website","url":"https:\/\/elkaminante.com.uy\/","name":"El Kaminante","description":"Viajes &amp; Turismo","publisher":{"@id":"https:\/\/elkaminante.com.uy\/#organization"},"potentialAction":[{"@type":"SearchAction","target":{"@type":"EntryPoint","urlTemplate":"https:\/\/elkaminante.com.uy\/?s={search_term_string}"},"query-input":{"@type":"PropertyValueSpecification","valueRequired":true,"valueName":"search_term_string"}}],"inLanguage":"en-US"},{"@type":"Organization","@id":"https:\/\/elkaminante.com.uy\/#organization","name":"El Kaminante","url":"https:\/\/elkaminante.com.uy\/","logo":{"@type":"ImageObject","inLanguage":"en-US","@id":"https:\/\/elkaminante.com.uy\/#\/schema\/logo\/image\/","url":"https:\/\/elkaminante.com.uy\/wp-content\/uploads\/2025\/02\/logo-elkaminante-blanco.svg","contentUrl":"https:\/\/elkaminante.com.uy\/wp-content\/uploads\/2025\/02\/logo-elkaminante-blanco.svg","caption":"El Kaminante"},"image":{"@id":"https:\/\/elkaminante.com.uy\/#\/schema\/logo\/image\/"}}]}},"_links":{"self":[{"href":"https:\/\/elkaminante.com.uy\/en\/wp-json\/wp\/v2\/product\/11436","targetHints":{"allow":["GET"]}}],"collection":[{"href":"https:\/\/elkaminante.com.uy\/en\/wp-json\/wp\/v2\/product"}],"about":[{"href":"https:\/\/elkaminante.com.uy\/en\/wp-json\/wp\/v2\/types\/product"}],"wp:featuredmedia":[{"embeddable":true,"href":"https:\/\/elkaminante.com.uy\/en\/wp-json\/wp\/v2\/media\/11434"}],"wp:attachment":[{"href":"https:\/\/elkaminante.com.uy\/en\/wp-json\/wp\/v2\/media?parent=11436"}],"wp:term":[{"taxonomy":"product_brand","embeddable":true,"href":"https:\/\/elkaminante.com.uy\/en\/wp-json\/wp\/v2\/product_brand?post=11436"},{"taxonomy":"product_cat","embeddable":true,"href":"https:\/\/elkaminante.com.uy\/en\/wp-json\/wp\/v2\/product_cat?post=11436"},{"taxonomy":"product_tag","embeddable":true,"href":"https:\/\/elkaminante.com.uy\/en\/wp-json\/wp\/v2\/product_tag?post=11436"}],"curies":[{"name":"wp","href":"https:\/\/api.w.org\/{rel}","templated":true}]}}

<p>El Salar de Uyuni en Bolivia es un espectáculo natural único, con vastas extensiones de sal blanca que crean espejos naturales cuando llueve. Sus amaneceres y atardeceres pintan el cielo con colores vibrantes sobre esta inmensa planicie, mientras que la cultura local añade autenticidad con festivales tradicionales y una rica gastronomía andina. Descubre la belleza surrealista y la serenidad del Salar de Uyuni en un destino que fusiona naturaleza y cultura de manera impresionante.</p>
<p>Descubre la fascinante ciudad de La Paz en Bolivia, donde la historia, la cultura y los paisajes se fusionan en una experiencia única. Desde sus calles coloridas hasta el impresionante Valle de la Luna, La Paz te sorprenderá con su autenticidad y belleza. Sumérgete en la vibrante energía de la ciudad más alta del mundo y déjate cautivar por la magia de este destino andino.</p>

<!-- This site is optimized with the Yoast SEO plugin v27.2 - https://yoast.com/product/yoast-seo-wordpress/ -->
<title>La Paz y Salar de Uyuni - El Kaminante</title>
<meta name="robots" content="index, follow, max-snippet:-1, max-image-preview:large, max-video-preview:-1" />
<link rel="canonical" href="https://elkaminante.com.uy/paquetes/la-paz-y-salar-de-uyuni/" />
<meta property="og:locale" content="en_US" />
<meta property="og:type" content="article" />
<meta property="og:title" content="La Paz y Salar de Uyuni - El Kaminante" />
<meta property="og:description" content="El Salar de Uyuni en Bolivia es un espectáculo natural único, con vastas extensiones de sal blanca que crean espejos naturales cuando llueve. Sus amaneceres y atardeceres pintan el cielo con colores vibrantes sobre esta inmensa planicie, mientras que la cultura local añade autenticidad con festivales tradicionales y una rica gastronomía andina. Descubre la belleza surrealista y la serenidad del Salar de Uyuni en un destino que fusiona naturaleza y cultura de manera impresionante.Descubre la fascinante ciudad de La Paz en Bolivia, donde la historia, la cultura y los paisajes se fusionan en una experiencia única. Desde sus calles coloridas hasta el impresionante Valle de la Luna, La Paz te sorprenderá con su autenticidad y belleza. Sumérgete en la vibrante energía de la ciudad más alta del mundo y déjate cautivar por la magia de este destino andino." />
<meta property="og:url" content="https://elkaminante.com.uy/paquetes/la-paz-y-salar-de-uyuni/" />
<meta property="og:site_name" content="El Kaminante" />
<meta property="article:modified_time" content="2026-04-26T19:46:35+00:00" />
<meta name="twitter:card" content="summary_large_image" />
<script type="application/ld+json" class="yoast-schema-graph">{"@context":"https://schema.org","@graph":[{"@type":"WebPage","@id":"https://elkaminante.com.uy/paquetes/la-paz-y-salar-de-uyuni/","url":"https://elkaminante.com.uy/paquetes/la-paz-y-salar-de-uyuni/","name":"La Paz y Salar de Uyuni - El Kaminante","isPartOf":{"@id":"https://elkaminante.com.uy/#website"},"primaryImageOfPage":{"@id":"https://elkaminante.com.uy/paquetes/la-paz-y-salar-de-uyuni/#primaryimage"},"image":{"@id":"https://elkaminante.com.uy/paquetes/la-paz-y-salar-de-uyuni/#primaryimage"},"thumbnailUrl":"https://elkaminante.com.uy/wp-content/uploads/2025/06/PAQ490.webp","datePublished":"2025-06-16T23:19:13+00:00","dateModified":"2026-04-26T19:46:35+00:00","breadcrumb":{"@id":"https://elkaminante.com.uy/paquetes/la-paz-y-salar-de-uyuni/#breadcrumb"},"inLanguage":"en-US","potentialAction":[{"@type":"ReadAction","target":["https://elkaminante.com.uy/paquetes/la-paz-y-salar-de-uyuni/"]}]},{"@type":"ImageObject","inLanguage":"en-US","@id":"https://elkaminante.com.uy/paquetes/la-paz-y-salar-de-uyuni/#primaryimage","url":"https://elkaminante.com.uy/wp-content/uploads/2025/06/PAQ490.webp","contentUrl":"https://elkaminante.com.uy/wp-content/uploads/2025/06/PAQ490.webp","width":1200,"height":630},{"@type":"BreadcrumbList","@id":"https://elkaminante.com.uy/paquetes/la-paz-y-salar-de-uyuni/#breadcrumb","itemListElement":[{"@type":"ListItem","position":1,"name":"Inicio","item":"https://elkaminante.com.uy/en/"},{"@type":"ListItem","position":2,"name":"Viajes por el mundo","item":"https://elkaminante.com.uy/en/paquetes/"},{"@type":"ListItem","position":3,"name":"La Paz y Salar de Uyuni"}]},{"@type":"WebSite","@id":"https://elkaminante.com.uy/#website","url":"https://elkaminante.com.uy/","name":"El Kaminante","description":"Viajes &amp; Turismo","publisher":{"@id":"https://elkaminante.com.uy/#organization"},"potentialAction":[{"@type":"SearchAction","target":{"@type":"EntryPoint","urlTemplate":"https://elkaminante.com.uy/?s={search_term_string}"},"query-input":{"@type":"PropertyValueSpecification","valueRequired":true,"valueName":"search_term_string"}}],"inLanguage":"en-US"},{"@type":"Organization","@id":"https://elkaminante.com.uy/#organization","name":"El Kaminante","url":"https://elkaminante.com.uy/","logo":{"@type":"ImageObject","inLanguage":"en-US","@id":"https://elkaminante.com.uy/#/schema/logo/image/","url":"https://elkaminante.com.uy/wp-content/uploads/2025/02/logo-elkaminante-blanco.svg","contentUrl":"https://elkaminante.com.uy/wp-content/uploads/2025/02/logo-elkaminante-blanco.svg","caption":"El Kaminante"},"image":{"@id":"https://elkaminante.com.uy/#/schema/logo/image/"}}]}</script>
<!-- / Yoast SEO plugin. -->

El Salar de Uyuni en Bolivia es un espectáculo natural único, con vastas extensiones de sal blanca que crean espejos naturales cuando llueve. Sus amaneceres y atardeceres pintan el cielo con colores vibrantes sobre esta inmensa planicie, mientras que la cultura local añade autenticidad con festivales tradicionales y una rica gastronomía andina. Descubre la belleza surrealista y la serenidad del Salar de Uyuni en un destino que fusiona naturaleza y cultura de manera impresionante.Descubre la fascinante ciudad de La Paz en Bolivia, donde la historia, la cultura y los paisajes se fusionan en una experiencia única. Desde sus calles coloridas hasta el impresionante Valle de la Luna, La Paz te sorprenderá con su autenticidad y belleza. Sumérgete en la vibrante energía de la ciudad más alta del mundo y déjate cautivar por la magia de este destino andino.
